923
List the prime factors of 6328.
2, 7, 113
List the prime factors of 1889069.
7, 13, 20759
List the prime factors of 472132.
2, 118033
What are the prime factors of 349489?
7, 49927
What are the prime factors of 27005009?
3167, 8527
What are the prime factors of 17342?
2, 13, 23, 29
List the prime factors of 1230859.
7, 175837
List the prime factors of 1348293.
3, 79, 5689
List the prime factors of 2090888.
2, 31, 8431
List the prime factors of 566091.
3, 31, 2029
What are the prime factors of 6658761?
3, 53, 41879
What are the prime factors of 333097?
333097
List the prime factors of 1202664.
2, 3, 50111
What are the prime factors of 187491?
3, 62497
List the prime factors of 184049.
41, 67
List the prime factors of 1013583.
3, 337861
What are the prime factors of 3545987?
1163, 3049
List the prime factors of 6343441.
13, 83, 5879
What are the prime factors of 854090?
2, 5, 223, 383
List the prime factors of 6353420.
2, 5, 317671
List the prime factors of 55610.
2, 5, 67, 83
List the prime factors of 466688.
2, 1823
List the prime factors of 89164.
2, 22291
List the prime factors of 7736658.
2, 3, 113, 11411
What are the prime factors of 2235824?
2, 139739
What are the prime factors of 442252?
2, 110563
What are the prime factors of 37103303?
37103303
List the prime factors of 10936460.
2, 5, 37, 14779
What are the prime factors of 2768021?
29, 31, 3079
List the prime factors of 474646.
2, 73, 3251
What are the prime factors of 488009?
488009
List the prime factors of 2837216.
2, 88663
What are the prime factors of 173223?
3, 19, 1013
What are the prime factors of 19508805?
3, 5, 37, 11717
What are the prime factors of 353959?
239, 1481
What are the prime factors of 47255?
5, 13, 727
What are the prime factors of 2840588?
2, 53, 13399
What are the prime factors of 1254695?
5, 13, 97, 199
List the prime factors of 74221.
7, 23, 461
What are the prime factors of 285586?
2, 7, 20399
List the prime factors of 4827417.
3, 7, 47, 67, 73
What are the prime factors of 462227?
83, 5569
List the prime factors of 55142.
2, 79, 349
What are the prime factors of 351628?
2, 17, 5171
What are the prime factors of 1220492?
2, 7, 13, 479
List the prime factors of 8645690.
2, 5, 17, 50857
List the prime factors of 56757.
3, 18919
What are the prime factors of 440717?
440717
List the prime factors of 212886.
2, 3, 11827
List the prime factors of 4326.
2, 3, 7, 103
List the prime factors of 224680.
2, 5, 41, 137
What are the prime factors of 208112?
2, 13007
What are the prime factors of 630755?
5, 126151
List the prime factors of 9517233.
3, 11, 19, 43, 353
List the prime factors of 123052.
2, 30763
What are the prime factors of 398185?
5, 97, 821
What are the prime factors of 9061122?
2, 3, 7, 443, 487
List the prime factors of 5391097.
5391097
List the prime factors of 588688.
2, 36793
List the prime factors of 6652702.
2, 7, 43, 257
What are the prime factors of 2395201?
79, 30319
List the prime factors of 5926697.
7, 37, 467
What are the prime factors of 836647?
7, 47, 2543
What are the prime factors of 4963471?
4963471
List the prime factors of 5819612.
2, 53, 97, 283
What are the prime factors of 1199745?
3, 5, 8887
List the prime factors of 688043.
43, 16001
What are the prime factors of 2358865?
5, 673, 701
What are the prime factors of 313273?
313273
List the prime factors of 1783948.
2, 19, 23473
List the prime factors of 4311653.
43, 100271
List the prime factors of 24290217.
3, 7, 385559
What are the prime factors of 717771?
3, 67, 3571
List the prime factors of 128781.
3, 41, 349
What are the prime factors of 2655418?
2, 1327709
What are the prime factors of 353915?
5, 70783
What are the prime factors of 3401623?
167, 20369
What are the prime factors of 238437?
3, 8831
List the prime factors of 590054.
2, 31, 307
List the prime factors of 21576770.
2, 5, 2157677
What are the prime factors of 171766?
2, 7, 12269
List the prime factors of 64315.
5, 19, 677
List the prime factors of 2108115.
3, 5, 79, 593
What are the prime factors of 1954649?
1954649
List the prime factors of 490546.
2, 7, 37, 947
What are the prime factors of 9850572?
2, 3, 30403
What are the prime factors of 299213?
299213
What are the prime factors of 380799?
3, 29, 1459
What are the prime factors of 3903322?
2, 19, 59, 1741
What are the prime factors of 299848?
2, 37, 1013
What are the prime factors of 231579?
3, 953
What are the prime factors of 1974976?
2, 30859
List the prime factors of 14533607.
11, 53, 97, 257
What are the prime factors of 426907?
13, 32839
What are the prime factors of 4154241?
3, 7, 13, 15217
What are the prime factors of 9926550?
2, 3, 5, 19, 43
List the prime factors of 395325.
3, 5, 7, 251
What are the prime factors of 916819?
523, 1753
What are the prime factors of 11380027?
1193, 9539
What are the prime factors of 544790?
2, 5, 157, 347
What are the prime factors of 13460016?
2, 3, 61, 4597
What are the prime factors of 226148?
2, 13, 4349
List the prime factors of 1136583.
3, 7, 18041
List the prime factors of 389971.
389971
List the prime factors of 71287.
71287
List the prime factors of 114489.
3, 12721
List the prime factors of 445042.
2, 13, 17117
List the prime factors of 3853517.
31, 197, 631
List the prime factors of 561976.
2, 199, 353
What are the prime factors of 512947?
43, 79, 151
List the prime factors of 7950128.
2, 131, 3793
What are the prime factors of 4623087?
3, 7, 220147
List the prime factors of 27324.
2, 3, 11, 23
List the prime factors of 928984.
2, 7, 53, 313
List the prime factors of 260519.
7, 37217
List the prime factors of 20041.
7, 409
What are the prime factors of 13330406?
2, 2543, 2621
What are the prime factors of 3001?
3001
List the prime factors of 89156.
2, 31, 719
List the prime factors of 751905.
3, 5, 7, 11, 31
What are the prime factors of 8010417?
3, 17, 23, 6829
What are the prime factors of 957507?
3, 319169
What are the prime factors of 22672?
2, 13, 109
List the prime factors of 1956965.
5, 391393
List the prime factors of 4126651.
4126651
List the prime factors of 241559.
241559
List the prime factors of 39655.
5, 7, 11, 103
List the prime factors of 381667.
11, 13, 17, 157
List the prime factors of 737526.
2, 3, 122921
List the prime factors of 32333.
7, 31, 149
What are the prime factors of 519938?
2, 23, 89, 127
List the prime factors of 171719.
171719
List the prime factors of 856611.
3, 7, 13597
List the prime factors of 295476.
2, 3, 24623
List the prime factors of 852619.
773, 1103
What are the prime factors of 90235?
5, 18047
List the prime factors of 177051.
3, 7, 8431
List the prime factors of 271314.
2, 3, 15073
What are the prime factors of 5967559?
13, 35311
List the prime factors of 2778354.
2, 3, 23, 2237
List the prime factors of 187622.
2, 93811
What are the prime factors of 14005511?
13, 1077347
List the prime factors of 308380.
2, 5, 17, 907
What are the prime factors of 2175074?
2, 11, 98867
List the prime factors of 608091.
3, 11, 18427
What are the prime factors of 7700838?
2, 3, 1283473
List the prime factors of 389485.
5, 61, 1277
List the prime factors of 5473289.
311, 17599
List the prime factors of 197347.
197347
List the prime factors of 4418224.
2, 461, 599
What are the prime factors of 241035?
3, 5, 16069
What are the prime factors of 200292?
2, 3, 16691
List the prime factors of 1021798.
2, 23, 97, 229
What are the prime factors of 12195475?
5, 487819
List the prime factors of 76297.
13, 5869
What are the prime factors of 37389659?
2677, 13967
What are the prime factors of 16370115?
3, 5, 19, 71, 809
What are the prime factors of 28073446?
2, 14036723
What are the prime factors of 1649717?
41, 40237
List the prime factors of 256034.
2, 313, 409
List the prime factors of 4790242.
2, 19, 37, 3407
List the prime factors of 16546557.
3, 677, 8147
List the prime factors of 1260527.
661, 1907
What are the prime factors of 1940753?
1940753
What are the prime factors of 917801?
53, 17317
What are the prime factors of 22591901?
31, 728771
What are the prime factors of 1408775?
5, 37, 1523
What are the prime factors of 123252?
2, 3, 10271
List the prime factors of 138403.
138403
List the prime factors of 4763519.
17, 280207
List the prime factors of 117093.
3, 23, 1697
List th